n base 14?
-39
What is -62 (base 15) in base 11?
-84
200 (base 3) to base 14
14
What is 103 (base 5) in base 15?
1d
What is 221 (base 5) in base 10?
61
Convert -2 (base 16) to base 3.
-2
47 (base 10) to base 12
3b
6 (base 16) to base 8
6
0 (base 8) to base 13
0
-151 (base 10) to base 4
-2113
Convert -3 (base 4) to base 5.
-3
What is 4 (base 5) in base 4?
10
What is -2001 (base 5) in base 13?
-164
Convert 88 (base 14) to base 11.
aa
What is 5 (base 9) in base 14?
5
What is -3 (base 7) in base 3?
-10
-23b (base 12) to base 7
-656
What is 10 (base 4) in base 5?
4
What is -1221 (base 3) in base 7?
-103
97 (base 10) to base 4
1201
-102 (base 3) to base 9
-12
-110000 (base 2) to base 11
-44
Convert -4 (base 14) to base 8.
-4
What is -2 (base 13) in base 4?
-2
-8 (base 10) to base 2
-1000
Convert -11 (base 15) to base 16.
-10
Convert a (base 13) to base 6.
14
-447 (base 8) to base 6
-1211
What is -131 (base 6) in base 9?
-61
-111010 (base 2) to base 16
-3a
Convert -33 (base 14) to base 15.
-30
Convert b (base 14) to base 4.
23
Convert 42 (base 13) to base 9.
60
36 (base 10) to base 12
30
What is -6 (base 9) in base 2?
-110
-2 (base 5) to base 14
-2
-466 (base 7) to base 13
-15a
Convert -26 (base 13) to base 8.
-40
-2 (base 16) to base 8
-2
What is a (base 15) in base 3?
101
What is 100001110 (base 2) in base 4?
10032
Convert 9 (base 12) to base 8.
11
-100111 (base 2) to base 9
-43
What is 1 (base 11) in base 8?
1
10 (base 10) to base 4
22
2 (base 14) to base 4
2
What is 4 (base 8) in base 7?
4
What is -3 (base 15) in base 4?
-3
What is -89 (base 10) in base 6?
-225
Convert -1c (base 13) to base 2.
-11001
What is -13 (base 6) in base 2?
-1001
What is 4 (base 13) in base 8?
4
What is 30 (base 9) in base 2?
11011
What is -111101 (base 2) in base 10?
-61
Convert 71 (base 8) to base 3.
2010
Convert -16 (base 12) to base 7.
-24
What is 3 (base 15) in base 13?
3
Convert -8 (base 14) to base 11.
-8
Convert -9 (base 16) to base 15.
-9
What is -23 (base 11) in base 3?
-221
-1033 (base 4) to base 6
-211
-7 (base 11) to base 3
-21
What is 40 (base 8) in base 5?
112
-54 (base 9) to base 7
-100
What is a (base 16) in base 4?
22
Convert 1 (base 10) to base 8.
1
What is -222 (base 3) in base 8?
-32
-1012 (base 4) to base 2
-1000110
What is -159 (base 11) in base 9?
-225
What is -2330 (base 4) in base 12?
-138
Convert -2 (base 3) to base 7.
-2
-10222 (base 3) to base 15
-72
Convert -20 (base 3) to base 8.
-6
-2 (base 6) to base 10
-2
-73 (base 14) to base 13
-7a
Convert 47 (base 10) to base 8.
57
Convert -60 (base 8) to base 16.
-30
Convert -3 (base 16) to base 5.
-3
294 (base 10) to base 8
446
Convert 97 (base 10) to base 14.
6d
6 (base 12) to base 13
6
53 (base 7) to base 8
46
Convert 32 (base 7) to base 2.
10111
What is 3 (base 12) in base 3?
10
What is 1111 (base 3) in base 14?
2c
100 (base 3) to base 16
9
-100111 (base 2) to base 15
-29
76 (base 12) to base 6
230
Convert 1 (base 9) to base 15.
1
Convert -310 (base 4) to base 3.
-1221
Convert -89 (base 11) to base 8.
-141
What is -2 (base 5) in base 11?
-2
Convert -1c (base 14) to base 10.
-26
Convert 2301 (base 4) to base 5.
1202
Convert -100011001 (base 2) to base 11.
-236
21 (base 12) to base 7
34
Convert -29 (base 13) to base 2.
-100011
-3 (base 7) to base 6
-3
Convert -7 (base 16) to base 2.
-111
-10 (base 9) to base 7
-12
101001 (base 2) to base 14
2d
What is -5 (base 6) in base 10?
-5
a8 (base 15) to base 6
422
Convert -26 (base 11) to base 10.
-28
Convert -78 (base 12) to base 7.
-161
What is -30 (base 7) in base 15?
-16
What is 14 (base 14) in base 5?
33
Convert -1 (base 11) to base 9.
-1
What is -10102 (base 3) in base 13?
-71
30 (base 13) to base 7
54
Convert 4 (base 8) to base 5.
4
Convert 31 (base 8) to base 16.
19
Convert 2 (base 6) to base 10.
2
Convert -32 (base 5) to base 12.
-15
-3f (base 16) to base 10
-63
147 (base 9) to base 16
7c
Convert 433 (base 7) to base 3.
22011
-6 (base 11) to base 5
-11
-5a (base 12) to base 9
-77
Convert 16 (base 12) to base 13.
15
-13 (base 4) to base 10
-7
What is 5 (base 7) in base 16?
5
What is 15 (base 7) in base 12?
10
What is -5 (base 16) in base 13?
-5
What is -2 (base 16) in base 13?
-2
1 (base 13) to base 2
1
-44 (base 6) to base 8
-34
What is 2000 (base 3) in base 11?
4a
Convert 2 (base 9) to base 6.
2
7 (base 14) to base 7
10
What is 1 (base 13) in base 12?
1
4 (base 8) to base 4
10
Convert -5 (base 14) to base 3.
-12
What is -32 (base 7) in base 11?
-21
What is 4 (base 9) in base 15?
4
Convert 11 (base 2) to base 14.
3
Convert -23 (base 13) to base 5.
-104
-4 (base 16) to base 12
-4
12 (base 5) to base 16
7
3 (base 9) to base 6
3
-210 (base 6) to base 10
-78
-5 (base 15) to base 7
-5
-7 (base 10) to base 5
-12
-7 (base 15) to base 12
-7
What is 0 (base 2) in base 5?
0
What is 54 (base 6) in base 16?
22
-99 (base 11) to base 7
-213
Convert -2 (base 6) to base 14.
-2
Convert -3 (base 12) to base 2.
-11
What is 1021 (base 3) in base 6?
54
What is 223 (base 9) in base 3?
20210
10 (base 2) to base 5
2
Convert -17 (base 10) to base 12.
-15
Convert -4 (base 14) to base 12.
-4
What is -1 (base 12) in base 9?
-1
Convert 120 (base 6) to base 2.
110000
1 (base 8) to base 15
1
-214 (base 7) to base 5
-414
-10 (base 3) to base 5
-3
What is 8 (base 14) in base 15?
8
4 (base 10) to base 8
4
-62 (base 15) to base 4
-1130
2 (base 14) to base 11
2
Convert -2 (base 3) to base 4.
-2
Convert 54 (base 15) to base 14.
59
What is -16 (base 15) in base 2?
-10101
-14 (base 7) to base 11
-10
What is 5 (base 15) in base 12?
5
Convert -5 (base 7) to base 16.
-5
What is -4 (base 5) in base 8?
-4
Convert -45 (base 6) to base 15.
-1e
Convert -52 (base 9) to base 5.
-142
4 (base 16) to base 14
4
-104 (base 6) to base 8
-50
-32 (base 10) to base 11
-2a
Convert -1 (base 4) to base 13.
-1
0 (base 3) to base 5
0
-38 (base 13) to base 2
-101111
76 (base 9) to base 11
63
Convert 8 (base 9) to base 7.
11
Convert -433 (base 6) to base 4.
-2211
What is 9 (base 14) in base 5?
14
Convert 322 (base 7) to base 5.
1123
Convert 1111 (base 3) to base 13.
31
What is 215 (base 8) in base 16?
8d
-122 (base 7) to base 9
-72
What is -14 (base 13) in base 11?
-16
1 (base 16) to base 11
1
What is 1 (base 2) in base 12?
1
-10220 (base 3) to base 9
-126
What is 20 (base 4) in base 11?
8
What is 33 (base 10) in base 16?
21
Convert b (base 15) to base 9.
12
-3 (base 13) to base 10
-3
Convert b (base 13) to base 14.
b
What is -2 (base 15) in base 7?
-2
What is -5 (base 11) in base 8?
-5
What is -6 (base 12) in base 5?
-11
Convert 102211 (base 3) to base 10.
319
What is 1 (base 3) in base 11?
1
What is 42 (base 7) in base 15?
20
Convert a (base 15) to base 7.
13
70 (base 11) to base 4
1031
Convert -270 (base 8) to base 6.
-504
-a (base 13) to base 16
-a
What is -12 (base 4) in base 6?
-10
2 (base 12) to base 16
2
Convert -43 (base 6) to base 10.
-27
Convert -16 (base 8) to base 6.
-22
Convert -10 (base 3) to base 4.
-3
Convert 11 (base 2) to base 9.
3
-45 (base 6) to base 8
-35
What is -2 (base 7) in base 5?
-2
-15 (base 12) to base 11
-16
Convert 150 (base 6) to base 3.
2110
What is 101 (base 2) in base 16?
5
Convert 252 (base 7) to base 13.
a5
What is 6 (base 10) in base 4?
12
Convert 1 (base 9) to base 5.
1
What is 300 (base 7) in base 9?
173
-3 (base 15) to base 8
-3
What is -1010 (base 2) in base 8?
-12
What is -2 (base 8) in base 4?
-2
What is -101000000 (base 2) in base 6?
-1252
What is -2 (base 15) in base 4?
-2
15 (base 16) to base 6
33
What is 3120 (base 4) in base 10?
216
Convert 11 (base 13) to base 7.
20
What is -2 (base 13) in base 11?
-2
What is -3 (base 12) in base 8?
-3
Convert 110 (base 2) to base 3.
20
Convert 63 (base 7) to base 11.
41
Convert 3 (base 6) to base 12.
3
What is 2 (base 5) in base 7?
2
-3 (base 10) to base 2
-11
What is 10111110 (base 2) in base 15?
ca
14 (base 9) to base 11
12
-1a (base 13) to base 6
-35
What is 78 (base 10) in base 4?
1032
What is 1 (base 9) in base 12?
1
3 (base 9) to base 8
3
What is -1c (base 16) in base 5?
-103
Convert -202 (base 4) to base 6.
-54
What is 2 (base 11) in base 7?
2
What is -3 (base 7) in base 10?
-3
-233 (base 4) to base 6
-115
What is -22 (base 3) in base 7?
-11
Convert 1 (base 7) to base 13.
1
-5 (base 13) to base 16
-5
What is 11 (base 